 n?
5
Let k(z) = -z**2 - 2*z + 4. Let l be k(0). Suppose l*n + 2*h + 88 = 0, -h = n - 6*n - 117. Let q = n + 37. What is the tens digit of q?
1
What is the thousands digit of (-245592)/(-56) - 18/(-42)?
4
Let l(f) = 4*f**2 + 2*f - 16. Let a be l(3). What is the tens digit of (a + -11)*52*(-1)/(-3)?
6
Let t = -4148 - -9102. What is the hundreds digit of t?
9
Suppose -5*j - 570 = -5*i, -2*j = 2*i - 3*j - 227. Suppose 62 = c - i. Let w = c + -30. What is the hundreds digit of w?
1
Suppose -3*y + 23 = -8*f + 4*f, 0 = y - 4*f - 13. Suppose 2*q - 198 = -5*u + 141, 15 = -y*u. What is the tens digit of q?
7
Suppose -v = -99*k + 102*k - 35876, -k + 11964 = -v. What is the tens digit of k?
6
Suppose 4*n - 3*f + 4*f = 321, -2*f - 398 = -5*n. Suppose -q = 4*q + 5*z - n, 5*z = 20. Suppose 8*a - q*a = -84. What is the tens digit of a?
2
Let g be (-27710)/(7 - 17) + 4. Let d = -1532 + g. What is the hundreds digit of d?
2
Let c = -16 + 26. Suppose 4912 = 6*g + c*g. What is the units digit of g?
7
Let p = -131 + 95. What is the hundreds digit of (-6)/p*2865*2?
9
Let c = -6843 + 21304. What is the ten thousands digit of c?
1
What is the tens digit of (0 - -1*519)*(-8512)/(-672)?
7
Suppose l - 5*v + 175 = 3*l, -5*l + 422 = -3*v. Let j(d) = -102*d + 117. Let w be j(1). Let t = l - w. What is the tens digit of t?
7
Suppose 5*s = 53 - 43. Suppose s*h - 36 = h + 5*l, -5*l + 188 = 3*h. Let k = h + -14. What is the tens digit of k?
4
Let k = 61 + -61. Suppose -2*a + 16 = 5*f - k, 0 = -3*a - 6. Suppose u = -u, -3*q + f*u = -291. What is the tens digit of q?
9
What is the thousands digit of (830403301/364)/157 - 2/8*7?
4
Let m(c) = -686*c - 37. Let t be m(-5). Suppose -6*d = 7*d - t. What is the hundreds digit of d?
2
Let o be ((-565)/15)/(((-1)/756)/1). What is the units digit of (-4)/(-3)*o/112?
9
Let o = 18 + -13. Let q(y) = -y**2 - 7*y + 62. Let i be q(5). Suppose o*n + z = 519 - 56, -z = i*n - 187. What is the tens digit of n?
9
What is the thousands digit of (-45)/(945/147)*(99228/(-14))/1?
9
Let j(x) be the third derivative of -x**5/60 - x**4/3 - 11*x**3/6 - 3*x**2. Let z be j(-5). Suppose z*c - 208 = 2*c. What is the units digit of c?
4
Suppose 0 = -2*n + n - 5*u + 19, -3*n - u = -15. Suppose n*g - 393 - 255 = 0. Suppose -14 - g = -11*c. What is the tens digit of c?
1
What is the tens digit of ((-112104)/(-243))/((-6)/(-117))?
9
Let g(w) = -4*w**2 + 18*w - 1. Let n be ((-5)/((-10)/12))/(6/8). Let h be g(n). Let x = h + 263. What is the hundreds digit of x?
1
Let b be 27/6*((-28)/(-6) - 4). Suppose b*o + 4*s = 4004, -3*o = s - 2067 - 1931. What is the thousands digit of o?
1
Suppose 3 = 3*y - 2*m, 4*y + 5*m - 18 = 3*m. Let v = 94 - -35. Suppose -v = -3*g - y*f, -177 = -3*g - g - 5*f. What is the units digit of g?
8
Let y = 1628 - 1108. Suppose 0 = -38*r + 33*r + y. What is the units digit of r?
4
Suppose 13*d - 441622 = -0*d - 51986. What is the hundreds digit of d?
9
Let m(d) = 2*d + 2. Let r be m(1). Suppose -r*q - 4*g + 7 = -1, -6 = q - 3*g. Suppose -x - 4*x + 355 = q. What is the tens digit of x?
7
Suppose p + 4*x = 3970, -5*x + 0 = 5. Suppose -16*a = -4538 - p. What is the hundreds digit of a?
5
Suppose -3*q - 2*c = -10649, 2258 = 5*q - c - 15512. What is the thousands digit of q?
3
Let r(y) = 319*y**2 - 104*y - 104. What is the tens digit of r(-1)?
1
Let j(u) = 107*u**2 + 2691*u + 5. What is the units digit of j(-30)?
5
What is the ten thousands digit of (-171 + 123)*7393/(-4)?
8
Let q(i) = i**2 - 12*i + 3. Let o(f) = -2*f - 2. Let h be o(-7). Let c be q(h). What is the tens digit of 1 - (-69 + c) - 1?
6
Let g = 54 + 27. Suppose 71*b = 75*b + 36. Let z = b + g. What is the units digit of z?
2
Suppose -460*a = -905*a + 460*a - 979635. What is the hundreds digit of a?
3
Let b be ((-2)/(-5))/((-11)/(-495)). Suppose 3 - b = 3*l, 4*l - 85 = 3*t. What is the units digit of 150/t*(-14)/3?
0
Suppose -2*u + 9*m + 72 = 10*m, 0 = u - m - 30. Suppose 2*w - 2472 = -5*k, u = 5*k + 44. What is the tens digit of w?
4
Suppose -8 = -d - 3*j + 4, -4*d = -3*j + 27. Let g be d + (-99)/(-15) - 2/(-5). Suppose 0 = g*p - 481 + 29. What is the units digit of p?
3
Let u = 462 - 248. Let x be -5 - (-82)/4*-6. Let o = x + u. What is the units digit of o?
6
Let r(w) = -3*w**2 + 185*w - 132. What is the tens digit of r(39)?
2
Let o(q) = 556*q**2 - 11*q - 11. Suppose 3 = 5*l + 4*w, 24*l - 3*w + 10 = 20*l. What is the tens digit of o(l)?
5
Let g(w) = 2*w**3 - 4*w**2 - 2*w - 10. Suppose 4*q - 30 = -3*k, 3*k + 11 = 2*q + 5. What is the tens digit of g(q)?
6
Suppose 7*l - 40 = -l. Suppose 0 = y - 3*y - l*t + 30, 24 = 3*y - 3*t. What is the units digit of (-4 + y)/(-3) - -187?
5
Suppose 62208 = 12417*r - 12411*r - 47100. What is the tens digit of r?
1
Suppose 35*d - 195706 = -14*d. What is the hundreds digit of d?
9
What is the tens digit of 2/((44/(-2722698)*-3)/(1/3))?
5
Let p = 8383 - 6026. What is the hundreds digit of p?
3
Let c(m) = m**3 - 7*m**2 - 12*m + 10. Suppose 3*b - 3 = 0, -4*a + 11 = 5*b - 66. Let p be 1/(((-10)/a)/(-5)). What is the tens digit of c(p)?
6
Let p(b) = -10458*b**3 - 3*b - 3. What is the units digit of p(-1)?
8
Let t(g) = g**2 + 18*g - 7. Let x be 37 + -3 + 4 + -2. Let y = x - 55. What is the units digit of t(y)?
2
What is the units digit of 30217 + -2 + 7 + 1 + -6?
7
Suppose 5*u - 14489 = -3*j, 8*j + 2*u - 19314 = 4*j. What is the thousands digit of j?
4
Suppose 4742 = 8*g - 6746. Let n = g + -939. What is the hundreds digit of n?
4
Suppose 9 = -3*y, -4*l - 3*y + 4*y + 263 = 0. Suppose -50*r = -124 - 2776. Let b = l - r. What is the units digit of b?
7
Let n = -22 + 36. Let a(v) = -7*v + 20*v - n*v + 130*v**3. What is the units digit of a(1)?
9
Let j = -10238 + 18098. Suppose 5*f + f = j. What is the units digit of f?
0
Let c(y) be the second derivative of 7*y**4/4 - y**3/6 - 13*y**2/2 - 2*y + 3. What is the hundreds digit of c(-5)?
5
Let z(i) = 27*i + 59. Let s = -246 - -266. What is the tens digit of z(s)?
9
Suppose -25800 = -13*y + y. What is the units digit of y?
0
Let p be (-1*1/5)/(2/(-70)). Suppose 0 = -p*t + 3*t + 12. Suppose -t*y - 186 = -5*i, -2*y = -i - y + 38. What is the units digit of i?
6
Let v(j) be the first derivative of j**3/3 - 2*j**2 + j - 16. Let k be v(5). What is the units digit of -2*k*(1 + (-3)/2)?
6
Suppose -10*z - 483 = -5*a - 7*z, 2*a - 202 = -z. Suppose -8*h = -a - 1749. What is the hundreds digit of h?
2
Let n = 18632 + -12279. What is the units digit of n?
3
Suppose 21*y - 62*y + 1341920 = -9*y. What is the hundreds digit of y?
9
Suppose l = -2*t + 37, 2*l + 2*t = -l + 107. Suppose -l = -b - 13. What is the tens digit of b?
2
Suppose 5*z = y - 661, 5*y = 3*y + 5*z + 1312. What is the hundreds digit of (y/(-42))/((-1)/24)?
3
Let m(v) = 3*v - 29. Let g be m(8). What is the tens digit of 3/(g/(40/12)) + 327?
2
Let l(t) be the third derivative of t**4/3 - 29*t**3/6 - t**2. Let w be l(4). Suppose -2*f + 930 = w*f. What is the hundreds digit of f?
1
Let o(p) = p**3 + 25*p**2 - 56*p - 60. Let r be o(-27). What is the hundreds digit of (-2)/(-7) - ((-6688)/14 - r)?
4
Let p(m) = 27 - 26 - 93*m + 25*m**2 - 26*m**2. What is the units digit of p(-18)?
1
Let p = -9550 - -17353. What is the tens digit of p?
0
Let o(u) = 208*u + 2. Let x be o(0). Let s = 8 + -6. Suppose x*p = s*j - 160, 4*j - 6*p - 330 = -4*p. What is the units digit of j?
5
Let l(s) be the first derivative of -s**4/4 - 5*s**3/3 - 15*s**2/2 + s - 22. Let g be l(-5). Suppose -b = -98 + g. What is the tens digit of b?
2
Suppose -3*b - 5515 = -5*s, 459*s - 2*b = 461*s - 2190. What is the thousands digit of s?
1
Let z(q) = 6*q + 3. Let b be z(-6). Let l = -26 - b. Suppose -3*g + 502 = 4*y, -2*y - 2*g - 616 = -l*y. What is the hundreds digit of y?
1
Suppose 0 = -13*a + 8*a - 15. Let c be (-249)/(-27) - (-8)/(-36). What is the units digit of (-9)/(c/a) + (-180)/(-1)?
3
Suppose -4*o + 4*i = -8*o + 1408, -3*i = -4*o + 1429. Suppose -22*s - o = -23*s - 3*t, -5*t - 331 = -s. What is the hundreds digit of s?
3
Let l = 27 - 19. Suppose 25 = l*p - 15. Suppose -k + 2*s + 0*s + 65 = 0, -3*s - 304 = -p*k. What is the units digit of k?
9
What is the tens digit of -1 - 128778/508*(640/(-6))/2?
1
Suppose 4*f + 5*d = 2*f + 691, -2*f - 2*d + 682 = 0. Let x = f + 22. What is the units digit of x?
